Let d = 77 - i. What is the tens digit of (12/18 - d)/((-1)/(-147))?
9
Suppose -5*y = -4*y - 2588 - 350. What is the units digit of y?
8
Suppose h = 5*a - 23881, 9550 = 21*a - 19*a + 2*h. What is the tens digit of a?
7
Let s(y) = y**2 - 6*y + 3. Let f be (-25)/(-5) + -4 + 5. Let l be s(f). Suppose -l*r + 5*z = -443, r + 5*z - 2*z = 143. What is the tens digit of r?
4
Let j = -1722 + 12271. What is the hundreds digit of j?
5
Suppose -l + 221 = -3*a, -a + 271 + 352 = 3*l. Suppose 0*o - 3*b + l = 2*o, 0 = -3*b + 15. Let d = o + -7. What is the tens digit of d?
9
Suppose 2*r + 18 = v, 0*v = 2*v - 8. Let l(z) = -10*z**2 - 11*z + 1. Let u be l(r). Let t = 594 + u. What is the tens digit of t?
8
Let v(j) = 1009*j + 45. Suppose 10*t = 32 - 12. What is the hundreds digit of v(t)?
0
Let y(h) = -9*h**3 - 96*h**2 - 19*h + 37. What is the hundreds digit of y(-20)?
0
Let b(t) = -4198*t - 3250. What is the ten thousands digit of b(-5)?
1
Suppose 412 = 2*q - 2*b, 0 = 2*q - 3*b + 2*b - 413. Suppose -q = 3*u - 732. What is the hundreds digit of u?
1
What is the thousands digit of 1728/756 - (-70173)/7?
0
Suppose 3*u = 4*a - 0*u + 316, 0 = 4*a + u + 316. Let j = 475 + a. What is the units digit of j?
6
Suppose -12320 = -3*y - 2*t, -y - t = -473 - 3636. What is the thousands digit of y?
4
Suppose 25*m = 45516 + 92860 + 494549. What is the units digit of m?
7
Let f(h) = -h**3 + 2*h + 15. Let j be f(0). Let i be (-582)/(-10) + (-3)/j. Suppose -x - 4*m + i = 0, -5*m + 59 = 2*x - 45. What is the units digit of x?
2
Let r be (-4 + 0)/((-6)/(-105)). Let w = 94 + r. What is the units digit of w?
4
Let l(b) = -b**3 - 13*b**2 + 31*b + 7. Let c be l(-15). Let k = c + 36. Suppose 14*i - k = 10*i. What is the units digit of i?
7
Let r(u) = 84*u**2 + 2*u - 22. What is the hundreds digit of r(8)?
3
Suppose -27386 - 1890 = -19*c - 7*c. What is the thousands digit of c?
1
Let m be -5 - (-4)/((-16)/(-20)). Suppose x + 3*x + 3*x = m. Suppose y - 4*v - 135 = -x*y, -12 = 4*v. What is the hundreds digit of y?
1
Let l(g) = g**2 - 24*g - 35. Let o(w) = w**3 - 3*w**2 - w + 39. Let f be o(0). What is the units digit of l(f)?
0
Let w = -2715 - -24836. What is the thousands digit of w?
2
Suppose 3*p + 4*l - 92 = 0, 0 = -4*p + 2*l + 2*l + 160. Let r(w) = p*w + 41 - 50*w + 7 - 1. What is the hundreds digit of r(-9)?
1
Suppose -25 = 5*u + 5*l, -5*l + 11 = 2*u + 36. What is the thousands digit of (898/1)/(u - 8/(-16))?
1
Suppose 4320 = -4*v - 2*v. Let b = v - -1256. What is the tens digit of b?
3
Suppose -4*z + 3*h + 14275 = 0, -3*h - 17840 = 33*z - 38*z. Suppose z = 5*w - d, -w - 11*d + 8*d + 729 = 0. What is the hundreds digit of w?
7
Let n = 58 - 36. Let v(c) = -1 - n*c + 2*c + 7*c + 6*c**2 + 7*c. What is the units digit of v(4)?
1
Let d = -51 - -55. Let q(i) = -34*i + 85. Let o(b) = 17*b - 42. Let n(c) = d*q(c) + 9*o(c). What is the units digit of n(11)?
9
Suppose -933546 = -505*i + 53622 + 1328762. What is the tens digit of i?
8
Suppose 0 = -4*n - 3*y + 5, 4*n - 15 = -2*y - 5. Suppose n*g - 5 = 10. Suppose g*p - 121 = 146. What is the units digit of p?
9
Let y(t) = -t**3 - t**2 - t - 2. Let k be y(-2). Let s be 9/(-3) + (-1 - -6). Suppose -256 = -k*g - 4*u, -4*g - s*u + 248 = -6*u. What is the units digit of g?
3
Suppose 8*s = 37*s - 45240. Let w = s - 565. What is the tens digit of w?
9
Suppose x = -2*t + 3*x - 1600, -4024 = 5*t + 3*x. Let g = t - -1327. What is the units digit of g?
4
Let h = 10063 - 96. What is the units digit of h?
7
Let w be ((-2)/4)/(1/(-12)). Let p = -804 + 840. Suppose 3*d - p = -j, 3*j - w*d = -4*d + 64. What is the tens digit of j?
2
Let i = -463 - -861. Let r = i + -221. What is the hundreds digit of r?
1
Suppose -165 = -2*o + 107. Let k = -49 + o. What is the units digit of k?
7
Let h(z) = 36895*z**2 - 8*z + 8. What is the units digit of h(1)?
5
Let q = 19 - 15. Let r be (40/12)/(q/42). What is the tens digit of (-76)/(-14)*r/5?
3
Let g(l) = -3*l**3 - 12*l**2 + 12*l + 212. What is the units digit of g(-9)?
9
Suppose -2 = -2*g, -9*g + 5*g - 1308 = -2*d. What is the units digit of d?
6
Suppose 0 = g - 5*g + 12. Suppose -5*l = g*l - 32. Suppose 5*y - 4*s + 2*s = 216, -l*s - 12 = 0. What is the tens digit of y?
4
Suppose -g - 2*q = -6*q + 1855, 2*g + 3701 = 5*q. Let v = -1079 - g. What is the units digit of v?
4
Let a = 2233 - 2755. Let z = 1776 - 2510. Let g = a - z. What is the tens digit of g?
1
Let z(o) = -o**3 - 3*o**2 - 10*o + 36882. What is the tens digit of z(0)?
8
Let t(x) = 6174*x - 760. What is the thousands digit of t(1)?
5
Let j(l) = l**3 - 10*l**2 + l + 87. What is the hundreds digit of j(13)?
6
Let k be 6 - 0/2 - -369. Let g = k - 128. What is the units digit of g?
7
Let r(i) = -67*i**3 + 4*i**2 + 4*i + 2. Let g be r(-2). Let c = -271 + g. What is the tens digit of c?
7
Suppose 9 = -5*v + 2*v. Let d be 2/3 - 2622/(-9)*1. What is the tens digit of v/(-9) + d/6?
4
Suppose 690115 - 111282 = 17*t. What is the ten thousands digit of t?
3
Let y = 6690 - 3860. Suppose 0 = -11*z - y + 14985. What is the thousands digit of z?
1
Let w = 58 + -38. Suppose -10*c = -90 + w. Suppose j = 5, c*y - 4*y = 4*j + 856. What is the hundreds digit of y?
2
Suppose 152*p - 1097362 = -54*p. What is the hundreds digit of p?
3
Let p(m) = -m**2 + 11*m - 7. Let k be p(14). Let g = k - -53. What is the tens digit of (-930)/(-12) + 2/g?
7
Let p = -69 + 48. Let n be 21 + p - 2*3. What is the tens digit of 1/n - 14988/(-72)?
0
Suppose -160*q = -151*q - 72. Suppose -q*k + 1588 = -1764. What is the tens digit of k?
1
Let a be 13 + -11 - (-8 - -1). Let y be -58 + 10/(a + -4). Let o = y + 121. What is the tens digit of o?
6
Let j(s) = 3*s**2 + 147*s + 2 - s**2 - 173*s. Let r be j(13). Suppose -b + 131 = 5*m, -1129 = -5*b + r*m - 420. What is the hundreds digit of b?
1
Suppose -1541 = -4*b + 2*y + y, -4*b - 2*y + 1526 = 0. Suppose 5*f + p = 478, 0*p - p = 4*f - b. Let i = 159 - f. What is the units digit of i?
4
Let j(r) = 162 + 358*r**2 - 167 + 201*r**2 + 6*r. What is the hundreds digit of j(1)?
5
Let k(l) = -l**2 - 7*l + 8. Let z be k(-8). Let m = 22 - -8. Suppose r + 0*r - m = z. What is the units digit of r?
0
Let i(j) = -15*j + 28. Let d be i(3). Let l be 9*(4/(-22) - d/33). Suppose -2*h + 194 = 3*t, 5*h = -l*t + 787 - 311. What is the units digit of h?
4
Suppose -3*g = -4*p + 12, -4*g - 10 = -2*p - 4. Let f(k) = 7 - 4 - 7 + 5 - k**2 + 4*k. What is the units digit of f(p)?
4
Let f = 77310 + -49072. What is the tens digit of f?
3
Suppose -934*w - 1051711 = -1007*w. What is the thousands digit of w?
4
Suppose 0 = -4*v - a + 9, -2*v - 2*v = -a + 1. Let r be 5/(-30) + 100/24. Suppose p - v - 114 = -x, 4 = r*p. What is the units digit of x?
4
Let a = 109 + -73. Let q = 42 - a. Suppose -11*x + q*x = -405. What is the tens digit of x?
8
What is the tens digit of 29688/(9 - 21)*(-2)/4?
3
Let n be ((-35)/14)/(5/(-4)). Suppose 4*h + 15 = -1, -5*h = 3*l + 14. What is the units digit of l*3/n*9?
7
Suppose -30*m = 50*m - 716320. What is the tens digit of m?
5
Let r(j) = 11*j**3 - 16*j**2 - 39*j + 80. What is the hundreds digit of r(15)?
0
Let i be 5/(-10)*-206 + -1 + 1. Suppose i + 67 = 17*l. What is the tens digit of l?
1
Let x(j) = j**2 + 13*j - 44. Let b be x(7). What is the hundreds digit of (b/80)/(1/((-2320)/(-6)))?
4
Suppose 663*r + 62536 = 665*r - 4*c, r - 5*c = 31268. What is the ten thousands digit of r?
3
Let i = 17 + -13. Let w(d) = d**2 - 3*d - 4. Let b be w(i). Suppose b = -2*u + u + 50. What is the units digit of u?
0
Let j = 23 + -41. What is the hundreds digit of ((-2380)/105)/(4/j)?
1
Let a = -9 - -9. Let b = -368 + 180. What is the units digit of (b - (2 + a))*(-7)/14?
5
Let j be (-454 - (-12)/(-3))*-1. Let y = -73 + j. What is the hundreds digit of y?
3
Suppose -19*d = 4443 - 47402. What is the tens digit of d?
6
Let i be (7 - (-1)/(-1))*(-2860)/(-39). Suppose p + i = 3*p - 4*r, 4*r = 0. What is the units digit of p?
0
Let v = -52 - -51. What is the tens digit of (-10)/4*(v - 79)?
0
Suppose 58*l - 185162 = 125484 - 79168. What is the hundreds digit of l?
9
Let d(z) = 23*z**2 + 3*z + 217. What is the tens digit of d(-15)?
4
Suppose -k + 3*j + 14 = 1, -4*k = -4*j - 20. What is the units digit of 2 + k + 265 + 2?
0
Suppose -112 + 662 = 5*y. Suppose 5*q - 5*r = -y, 2*q - 50 